e
Suppose -u - 2*u = 6. Let r be 26 + -3 + 7 + u. Suppose 0 = 4*f - r - 128. Is f a multiple of 13?
True
Let i(w) = -3*w**2 - 2*w + 3. Let v(g) = 7*g**2 + 3*g - 6. Let a(s) = 5*i(s) + 2*v(s). Let z be a(-5). Is 16 + (-6)/z - -1 a multiple of 8?
False
Suppose 5*x = -11*d + 7*d + 15392, -x - d = -3078. Is x a multiple of 56?
True
Let w = -193 + 448. Does 15 divide w?
True
Suppose -936 = -5*w + f - 0*f, -5*f + 20 = 0. Is w a multiple of 47?
True
Suppose -14 - 1 = -3*p. Suppose 59 = 3*m - 4*w, -p*w - 42 = -2*m - w. Suppose -4*z = 5*y - 354, y - 4*z - 83 + m = 0. Does 35 divide y?
True
Suppose -2*x + x + u = -2734, 2769 = x + 6*u. Is 11 a factor of x?
True
Is 6 a factor of (-4 + (-31)/(-8))*-28*158?
False
Let o = 12 + -19. Let s(d) = -3*d - 12. Is s(o) a multiple of 3?
True
Let p(v) = 7*v**2 + 2*v + 11. Let g(w) = -w**3 - 5*w**2 - 3*w - 1. Let r be g(-4). Let t be p(r). Suppose 6*q = 2*q + t. Does 22 divide q?
True
Let j = -372 - -592. Does 20 divide j?
True
Let w = 1291 + -611. Is 5 a factor of w?
True
Let h be (-11 - 1) + 2 + -2. Suppose 2*s = 6*s - 3*u + 238, u - 118 = 2*s. Let l = h - s. Is l a multiple of 23?
True
Suppose 20 = 5*l, 0*y - 32 = -3*y - 5*l. Let m(o) = 2*o**3 - 4*o**2 - 2*o - 1. Does 5 divide m(y)?
True
Let g = 221 - 165. Is 7 a factor of g?
True
Suppose -x + 2 = x. Suppose -3*k = 2*b + x - 70, 109 = 3*b - k. Is 18 a factor of b?
True
Is 24 a factor of (-1)/(2/(-656)) - 0/55?
False
Suppose 0 = 3*f + b - 5493, -5*b + 8*b + 9169 = 5*f. Is f a multiple of 19?
False
Let b(g) = 14*g**2 + 4*g - 2. Let p be b(-2). Is 111/(p/8 + -5) a multiple of 19?
False
Let s(w) be the first derivative of -3*w**2 - 4*w + w**2 - 1 + 6*w**2. Does 18 divide s(5)?
True
Let w be (-20)/(-1) + 0 + -2. Suppose -w = -a - p, -2*a - p + 0*p = -37. Suppose -i + a = -24. Does 15 divide i?
False
Let x be 51/9*57 + 3/(-1). Suppose -8*o = -256 - x. Is o a multiple of 9?
True
Suppose 0 = 7*r - 8*r + h + 883, -2*r - h = -1772. Is 59 a factor of r?
True
Suppose -5*g - 3*m = -6*m - 29, -3*g - 4*m = 0. Suppose -466 = -4*x - z - z, -x + 113 = g*z. Is 13 a factor of x?
True
Let c be (2/((-18)/(-15)))/(4/(-12)). Let m(z) = -16*z + 19. Is m(c) a multiple of 9?
True
Suppose u = 4*u - 54. Is 11 a factor of ((-330)/9)/(1*(-4)/u)?
True
Suppose 5*h = -0*h + 35. Does 17 divide (-1 + 636/9)/(h/21)?
False
Let f(d) = -2*d**2 + d + 1. Let k be f(3). Let h = -9 - k. Let j(n) = 2*n**2 - 3*n + 3. Is j(h) a multiple of 12?
False
Let u(i) = 3*i**3 + 2*i - 1. Let j be u(1). Suppose j*a - l = 136, a + 3*l = -a + 54. Let w = a + -6. Does 9 divide w?
True
Suppose -3*v + 6*t + 504 = 4*t, -3*v = 2*t - 492. Does 18 divide v?
False
Suppose 6*u - 51 = -11*u. Suppose o = -0*o + 75. Suppose -u*i + 45 = -o. Is i a multiple of 8?
True
Suppose 0 = -5*s - 2*y - 2 + 19, -s + y = -2. Is (114/1)/(s/6) a multiple of 12?
True
Suppose 6*l - 587 = -53. Does 8 divide l?
False
Does 5 divide 4544/7 - (-25)/(-175)?
False
Suppose h + 7 = 2*g, 5*g - 30 + 9 = -h. Suppose -o = g*s + o - 38, 18 = -s + 5*o. Does 7 divide s?
True
Suppose 3*u - 17 = -4*v + 62, -5*u - 71 = -4*v. Suppose v = 3*i - 23. Is i a multiple of 7?
True
Let g be -2 - 7/(1 - 2). Suppose -g*d + 5*h = -2*d - 101, 5*h - 67 = -d. Is d a multiple of 28?
False
Let u(a) = a**2 - 24*a + 30. Let k = -72 + 95. Does 2 divide u(k)?
False
Let d(y) = 21*y + 35. Let b(m) = 31*m + 53. Let h(z) = -5*b(z) + 7*d(z). Let t be 3 + 50/(55/(-11)). Is h(t) a multiple of 9?
True
Suppose 11*y - 15*y + 908 = 4*q, y - 677 = -3*q. Does 15 divide q?
True
Let f(v) = 7*v**2 - v + 4. Let l be f(6). Suppose -a + 138 + l = 5*j, 5*j = 4*a + 398. Let b = j - 33. Is b a multiple of 21?
False
Suppose -5*n = 1 - 16. Suppose f - 3 - n = 0. Let t = f + 2. Does 4 divide t?
True
Let h(z) = 4*z - 3. Let c be h(-7). Let x = c - -81. Let a = x + -23. Is a a multiple of 15?
False
Is 37 - 40 - (-1376 + 0) a multiple of 26?
False
Let d = 699 + -495. Is 8 a factor of d?
False
Suppose -c = 3*p - 13, 4*c = -5*p + 23 - 6. Let i(a) be the third derivative of a**6/120 - a**5/60 - a**4/3 + 2*a**3/3 + a**2. Is 16 a factor of i(p)?
True
Suppose p + 1 = -2*q + 8, 3*p = 3*q - 15. Suppose -5*o - 35 = -q*k, -o + 2*k - 4*k + 7 = 0. Let n(u) = 11*u**2 + 2*u - 1. Is n(o) a multiple of 23?
True
Let r = 2 - 1. Suppose r + 29 = l. Suppose -4*w + l = -38. Is 17 a factor of w?
True
Let v = -103 - -73. Let u = 90 + v. Is u a multiple of 20?
True
Does 16 divide 25848/540 - 4/(-30)?
True
Let b be 8/(-32) + (-285)/(-4). Suppose -115 = -l - 5*q, -5*q - b + 486 = 4*l. Does 20 divide l?
True
Suppose -5*w + 2*w - 4*l + 41 = 0, -2*l = -w - 3. Suppose 0 = -w*m + 4*m - 12. Let c(i) = -i**2 - 5*i. Is 2 a factor of c(m)?
True
Suppose f - 3801 = -5*n, 5*n + 2284 = 8*n + 4*f. Is 29 a factor of n?
False
Suppose 312 = 10*p - 158. Suppose 169 + p = 6*z. Does 7 divide z?
False
Let x(r) = -r**3 - 5*r**2 + 4*r - 7. Let z be x(-6). Suppose 3*u + 6 = 5*j - 19, z*j = -u + 5. Is 786/42 + j/7 a multiple of 5?
False
Is -2478*(23/69 + (-2 - -1)) a multiple of 59?
True
Let g(d) = -d + 8. Let t be g(5). Suppose -5*u + 128 = t*o, o - 72 + 16 = -5*u. Is 23 a factor of o?
False
Suppose -5*v - 3 = -33. Suppose 0 = -i + v*i - 400. Does 16 divide i?
True
Suppose 0*f + 3*f = -18. Is (-2)/(-3) + f + 1600/12 a multiple of 8?
True
Let o(l) = -8*l - 4. Suppose 3*t + 11 = -4. Does 12 divide o(t)?
True
Let o = 83 + -81. Is (8 - -3)/(o/4) a multiple of 7?
False
Suppose 17 = -2*f - 3. Let i(t) = -t**3 - 9*t**2 + 11*t + 13. Let j be i(f). Does 6 divide -2 - (j - -12)/(-1)?
False
Suppose -22*t + 313 = -809. Is 17 a factor of t?
True
Suppose -2*x + 173 = -x. Suppose 0 = -4*w - 4*f + 331 + x, -3*f - 6 = 0. Suppose 0*v = 2*v - w. Is 24 a factor of v?
False
Let b = -1 - -5. Suppose -6*g + 8*g = -b. Is 29 a factor of ((-4)/(-12))/(g/(-522))?
True
Suppose 5*n - 25 = 0, 5*n = 3*l - 0*n + 1. Suppose 156 = l*h + 52. Is 13 a factor of h?
True
Let r = -84 + 97. Suppose 9*t + 412 = r*t. Does 18 divide t?
False
Let o = -44 + 62. Let z be (10/6)/(6/o). Suppose -z*y - 3*v = -231, y - 20 = -4*v + 33. Is y a multiple of 15?
True
Is 29 a factor of -4 + 442 + (-11)/11?
False
Suppose 0*i = 5*q + 2*i - 1518, -5*q - i = -1519. Is q a multiple of 15?
False
Suppose c = 2 - 0. Suppose 0 = -0*x + c*x - 4. Does 19 divide (-24*x)/((-9)/12)?
False
Let h be 3/((-9)/3) + -7 + 206. Is 13 a factor of h/4*1*12/9?
False
Suppose -3*b = -b. Let n(s) = s**3 - 3*s**2 - 4*s + 5. Let h be n(4). Suppose h*v - 80 = -b*v. Does 8 divide v?
True
Let j = -38 - -41. Is -1 - (-1)/(j/294) a multiple of 19?
False
Let m = -8 - -34. Suppose -2*z - m = -314. Does 12 divide z?
True
Let r(l) = -3*l**2 + 4 - 2*l + 5*l**2 + 3*l - l**2. Does 6 divide r(-2)?
True
Suppose -2*y - 40 = -4. Let f be y/(-6) + 0 + -16. Let i(g) = g**3 + 13*g**2 - 3*g - 6. Does 8 divide i(f)?
False
Let k be (-1 - 0) + (-13 - -380). Suppose -2*g - 2*d = -k, -3*g + 5*d + 732 = g. Does 7 divide g?
False
Let p(c) = 2*c**2 + 37*c + 57. Does 79 divide p(17)?
True
Let o(v) = 81*v**2 + 9*v - 10*v + 32*v**2. Is o(1) a multiple of 14?
True
Let j(c) = -c**3 - 17*c**2 - 31*c - 18. Let m be j(-15). Does 28 divide (-1 + 255/(-25))/(m/15)?
True
Let i be (0 - -129)*22/(-66). Let b = 232 + i. Is 26 a factor of b?
False
Let p be ((-4)/8 - -1)*8. Suppose p*o = -o. Suppose -3*d + o + 3 = -3*h, -2*h - 4*d + 28 = 0. Is 2 a factor of h?
True
Suppose -4*t + 1900 = 4*r, 2*r = r - 3*t + 473. Is 6 a factor of r?
False
Let f(s) = 6*s**2 + s + 1. Let i = 14 + -9. Suppose -2*x = -6 - 4, -i*o - 5*x = -10. Does 13 divide f(o)?
True
Let i(z) = 2*z**2 + 10*z + 28. Does 2 divide i(-5)?
True
Let v(g) = 22*g**2 + 15*g - 12. Is v(-4) a multiple of 8?
True
Suppose 6*g - 7*g + 2 = 0. Suppose 4*u + 81 = 3*p, g*u = -4*p - 0*p + 86. Is p a multiple of 23?
True
Let k be -12*(-4 + (-35)/(-10)). Suppose 0 = k*f - 1126 - 104. Is f a multiple of 41?
True
Let n(r) = r**2 - r + 4. Suppose 4*o + 23 - 7 = 0. Does 6 divide n(o)?
True
Let j(t) = t**2 + 6*t + 6. Let s be j(-6). Suppose -117 = -s*b + 3*b. Is 13 a factor of b?
True
Let d(p) = -6*p + 3*p + 7 + 0. Let b(g) = g**3 - 7*g**2 + 3*g + 13. Let n be b(6). Does 6 divide d(n)?
False
Suppose -l = -4*x + 14, 5*x - 25 = 3*l + 2*l. Does 3 divide x - 15*(-8)/12?
False
Let k be ((-2)/42*-6)/((-5)/(-35)). Let p = 5 + -9. Is 61/k*(p + 6) a multiple of 12